 a factor of 2461?
False
Does 11 divide 28198?
False
Is 9532 a multiple of 67?
False
Is 9 a factor of 23089?
False
Is 6930 a multiple of 14?
True
Does 22 divide 2750?
True
Is 19236 a multiple of 42?
True
Is 19 a factor of 384?
False
Does 29 divide 2456?
False
Is 1105 a multiple of 85?
True
Is 9849 a multiple of 21?
True
Is 3772 a multiple of 82?
True
Is 123 a factor of 9001?
False
Is 792 a multiple of 12?
True
Is 4 a factor of 288?
True
Is 136 a factor of 23936?
True
Does 16 divide 14560?
True
Is 26 a factor of 2444?
True
Is 1008 a multiple of 42?
True
Is 26085 a multiple of 110?
False
Is 151 a factor of 63347?
False
Is 9 a factor of 563?
False
Is 137 a multiple of 6?
False
Is 3 a factor of 4156?
False
Does 5 divide 7147?
False
Is 3 a factor of 5729?
False
Is 72 a factor of 2520?
True
Is 3 a factor of 1182?
True
Is 44 a factor of 63126?
False
Does 30 divide 206?
False
Is 57163 a multiple of 171?
False
Does 8 divide 1237?
False
Is 68 a factor of 45560?
True
Does 13 divide 38265?
False
Does 14 divide 6444?
False
Is 1135 a multiple of 38?
False
Does 19 divide 40743?
False
Is 11 a factor of 209?
True
Is 20863 a multiple of 10?
False
Does 29 divide 7664?
False
Is 4112 a multiple of 61?
False
Is 25476 a multiple of 142?
False
Is 588 a multiple of 74?
False
Is 220 a factor of 5843?
False
Is 5550 a multiple of 74?
True
Does 26 divide 48944?
False
Does 12 divide 14100?
True
Does 197 divide 7234?
False
Is 13 a factor of 1352?
True
Is 680 a multiple of 20?
True
Is 26856 a multiple of 9?
True
Does 51 divide 6069?
True
Is 62 a factor of 3877?
False
Is 5 a factor of 6154?
False
Is 5405 a multiple of 23?
True
Does 12 divide 64767?
False
Is 140 a factor of 1335?
False
Is 5 a factor of 1579?
False
Does 39 divide 964?
False
Is 34 a multiple of 5?
False
Is 1196 a multiple of 26?
True
Does 36 divide 1020?
False
Is 31 a factor of 18972?
True
Is 949 a multiple of 25?
False
Is 1644 a multiple of 12?
True
Does 21 divide 797?
False
Is 6923 a multiple of 161?
True
Is 613 a multiple of 62?
False
Is 1139 a multiple of 32?
False
Is 206 a multiple of 103?
True
Is 18 a factor of 23944?
False
Is 21 a factor of 84?
True
Is 12 a factor of 1392?
True
Does 44 divide 4796?
True
Does 85 divide 5610?
True
Is 2580 a multiple of 21?
False
Does 28 divide 1764?
True
Does 7 divide 15461?
False
Is 707 a multiple of 7?
True
Is 83 a factor of 17576?
False
Does 109 divide 1531?
False
Is 21 a factor of 252?
True
Is 3520 a multiple of 44?
True
Does 4 divide 528?
True
Does 12 divide 321?
False
Does 43 divide 46526?
True
Does 2 divide 48?
True
Is 12 a factor of 79320?
True
Does 22 divide 93341?
False
Is 99 a factor of 3653?
False
Does 23 divide 34799?
True
Is 26 a factor of 871?
False
Does 35 divide 9695?
True
Does 11 divide 8285?
False
Does 65 divide 1430?
True
Is 25 a factor of 102?
False
Is 33 a multiple of 3?
True
Is 3 a factor of 650?
False
Is 7740 a multiple of 60?
True
Is 2184 a multiple of 14?
True
Does 9 divide 2663?
False
Does 6 divide 47?
False
Is 5 a factor of 2425?
True
Does 30 divide 630?
True
Is 88720 a multiple of 20?
True
Is 109 a factor of 9374?
True
Is 21 a multiple of 21?
True
Is 12 a factor of 5472?
True
Is 19190 a multiple of 38?
True
Is 3550 a multiple of 142?
True
Does 52 divide 4316?
True
Is 15 a factor of 1609?
False
Is 156 a multiple of 12?
True
Does 86 divide 3526?
True
Is 9 a factor of 1877?
False
Does 5 divide 205?
True
Is 17 a factor of 3757?
True
Is 12 a factor of 5005?
False
Does 33 divide 628?
False
Is 1213 a multiple of 8?
False
Is 1092 a multiple of 10?
False
Does 12 divide 47623?
False
Is 3 a factor of 863?
False
Does 16 divide 832?
True
Is 11326 a multiple of 14?
True
Is 2200 a multiple of 4?
True
Is 19 a factor of 42958?
False
Is 62294 a multiple of 33?
False
Is 139 a multiple of 13?
False
Is 80741 a multiple of 220?
False
Is 6139 a multiple of 34?
False
Does 22 divide 3400?
False
Is 350 a multiple of 25?
True
Is 45 a factor of 3582?
False
Does 14 divide 91747?
False
Is 17 a factor of 11814?
False
Does 4 divide 457?
False
Is 294 a factor of 24719?
False
Does 43 divide 903?
True
Is 16 a factor of 448?
True
Does 8 divide 35859?
False
Is 1879 a multiple of 7?
False
Is 293 a multiple of 35?
False
Does 21 divide 798?
True
Is 14 a factor of 5432?
True
Is 66815 a multiple of 99?
False
Does 84 divide 26755?
False
Does 16 divide 8208?
True
Does 117 divide 18018?
True
Is 850 a multiple of 50?
True
Is 285 a multiple of 57?
True
Is 2128 a multiple of 72?
False
Is 439 a multiple of 14?
False
Does 16 divide 2080?
True
Is 115 a factor of 5405?
True
Does 11 divide 396?
True
Is 12 a factor of 3132?
True
Is 26 a factor of 5538?
True
Does 13 divide 23656?
False
Is 4081 a multiple of 53?
True
Is 295 a multiple of 12?
False
Is 3909 a multiple of 71?
False
Is 8 a factor of 304?
True
Does 40 divide 2703?
False
Is 25 a factor of 7900?
True
Is 39 a factor of 3081?
True
Is 54 a factor of 53998?
False
Is 3905 a multiple of 71?
True
Is 31 a factor of 11563?
True
Does 22 divide 3502?
False
Is 168 a multiple of 10?
False
Is 4736 a multiple of 12?
False
Is 3470 a multiple of 81?
False
Is 12 a factor of 1781?
False
Is 7 a factor of 9783?
False
Is 3080 a multiple of 20?
True
Is 50 a factor of 4650?
True
Is 20 a factor of 64840?
True
Is 432 a multiple of 48?
True
Does 39 divide 2598?
False
Does 86 divide 19807?
False
Does 11 divide 16409?
False
Is 1032 a multiple of 12?
True
Is 3606 a multiple of 39?
False
Does 73 divide 61758?
True
Is 11 a factor of 77?
True
Is 5 a factor of 230?
True
Is 6 a factor of 1430?
False
Is 22 a factor of 135?
False
Is 10329 a multiple of 76?
False
Does 71 divide 75970?
True
Is 10 a factor of 10093?
False
Is 12765 a multiple of 15?
True
Is 10 a factor of 1819?
False
Does 34 divide 816?
True
Does 15 divide 6397?
False
Is 843 a multiple of 38?
False
Does 11 divide 1837?
True
Is 4155 a multiple of 169?
False
Is 25 a factor of 3250?
True
Is 239 a multiple of 13?
False
Is 504 a multiple of 9?
True
Is 112 a factor of 2800?
True
Is 15 a factor of 285?
True
Does 9 divide 115983?
True
Is 396 a multiple of 4?
True
Does 8 divide 186?
False
Does 33 divide 37?
False
Does 20 divide 59953?
False
Is 8 a factor of 32?
True
Is 4 a factor of 1848?
True
Is 1470 a multiple of 7?
True
Is 3897 a multiple of 46?
False
Is 30940 a multiple of 123?
False
Is 6 a factor of 1526?
False
Is 51744 a multiple of 12?
True
Does 8 divide 11397?
False
Is 7755 a multiple of 33?
True
Is 8 a factor of 296?
True
Does 2 divide 122?
True
Is 3353 a multiple of 5?
False
Is 2 a factor of 3185?
False
Does 2 divide 116?
True
Does 32 divide 667?
False
Is 32 a factor of 4269?
False
Is 109 a multiple of 18?
False
Does 45 divide 8010?
True
Is 4 a factor of 14594?
False
Is 33116 a multiple of 68?
True
Is 187 a factor of 15708?
True
Does 132 divide 5204?
False
Is 1191 a multiple of 7?
False
Is 1029 a multiple of 21?
True
Is 54 a factor of 810?
True
Is 1250 a multiple of 28?
False
Is 47 a factor of 25906?
False
Does 25 divide 825?
True
Does 197 divide 16942?
True
Is 580 a multiple of 49?
False
Is 64 a factor of 656?
False
Is 7408 a multiple of 16?
True
Does 19 divide 53523?
True
Is 8132 a multiple of 38?
True
Does 246 divide 16728?
True
Does 23 divide 621?
True
Does 20 divide 500?
True
Does 161 divide 53935?
True
Does 13 divide 5245?
False
Is 112 a factor of 33812?
False
Is 74264 a multiple of 142?
False
Does 49 divide 273?
False
Is 32 a factor of 17312?
True
Is 6 a factor of 306?
True
Is 18 a factor of 7956?
True
Does 36 divide 206?
False
Is 893 a multiple of 12?
False
Does 31 divide 961?
True
Does 91 divide 3167?
False
Does 14 divide 462?
True
Is 2920 a multiple of 40?
True
Is 9 a factor of 1350?
True
Is 9950 a multiple of 26?
False
Is 4 a factor of 1847?
False
Is 141 a factor of 23605?
False
Does 49 divide 5560?
False
Is 27699 a multiple of 15?
False
Is 905 a multiple of 3?
False
Does 26 divide 8836?
False
Is 520 a multiple of 10?
True
Does 61 divide 17202?
True
Is 228 a multiple of 5?
False
Is 22 a factor of 9054?
False
Does 16 divide 10315?
False
Does 228 divide 33139?
False
Is 54 a factor of 24049?
False
Is 349 a multiple of 28?
False
Is 25 a factor of 3675?
True
Is 3 a factor of 2049?
True
Is 32 a factor of 77691?
False
Is 25 a factor of 1250?
True
Is 40 a factor of 5261?
False
Is 89 a factor of 2282?
Fals